ed by 12.
4
Let y(w) = w + 10. Let n be y(-8). Let u be (-3)/4*n*-2. Suppose -c - 3*k = -2 - 0, u*c - 4*k - 58 = 0. What is the remainder when 40 is divided by c?
12
Suppose -3*b - 938 = -2726. Calculate the remainder when b is divided by 24.
20
Suppose -y - 3 = 0, -4*h - 2*y + 24 = 2. Let q = h + -5. What is the remainder when (-10)/3*(-3)/q is divided by 3?
2
Let m(j) = -j**3 + 4*j**2 + j - 4. Let b be m(4). Let p be 250/10*(b + -1). Let t = p - -44. What is the remainder when t is divided by 7?
5
What is the remainder when (-1)/4*4 - (0 + -58) is divided by 25?
7
Let r(b) = -b**2 + 8*b - 10. Let t = -10 - -18. Let f be r(t). Let c(d) = -5*d + 14. Calculate the remainder when c(f) is divided by 22.
20
Let k = 1165 + -712. Calculate the remainder when k is divided by 19.
16
Let f be ((-4)/(-2))/4*(4 + 6). Let j(h) = -h**3 + 4*h + 4*h - 2*h + 4*h**2. What is the remainder when j(f) is divided by 4?
1
Let q be -1 + ((-88)/4 - -1). Let x = 28 - q. Suppose 2*z + 2 - x = 0. What is the remainder when 46 is divided by z?
22
Let n = -98 + -17. Let m = -72 - n. Calculate the remainder when 84 is divided by m.
41
Let q = 631 + -564. What is the remainder when q is divided by 40?
27
Suppose 4*y - o = 127, -5*y + 159 = -3*o + 2*o. Calculate the remainder when y is divided by 34/(-4)*(-1 - 1).
15
Let l(m) = -m**2 - 26*m - 139. Calculate the remainder when (-1)/2 + 501/6 is divided by l(-10).
20
Let k be ((-8)/12)/(2/6). Suppose 4*t - u - 24 = -6*u, -3*u - 12 = 0. What is the remainder when t is divided by (-27)/18*k*1?
2
What is the remainder when (-176 - -175) + (1 - -218)/1 is divided by 25?
18
Suppose 0 = 5*w + 3*n - 270, -2*n - 32 = -w - 7*n. What is the remainder when 304 is divided by w?
19
Suppose 22*c + 182 = 35*c. What is the remainder when 18 is divided by c?
4
Let r(b) = -17*b - 290. Calculate the remainder when r(-33) is divided by 7.
5
Suppose 0 = -0*s + 3*s - 126. Suppose -s = -5*v - 12. Let g = -3 + 6. What is the remainder when v is divided by g?
0
Let m(l) = 2*l**2 + l. Suppose 82*c - 83*c = -11. Calculate the remainder when m(c) is divided by 16.
13
Let g(q) be the second derivative of -23*q**3/6 + 5*q**2/2 + 21*q. Let x = -1 - 2. Calculate the remainder when g(x) is divided by 25.
24
Suppose -40*a - 31 + 1111 = 0. What is the remainder when 442 is divided by a?
10
Let w = -39 + 36. Let i = 38 + -5. Calculate the remainder when i is divided by -1 - w - (-18 - -2).
15
Let h = -64 - -46. Let d be 6/h - 203/3. What is the remainder when d/(-5 + 3) + 3 is divided by 13?
11
Suppose -5*r + 10*r = 1090. What is the remainder when r is divided by 69?
11
Let n = -45 + 12. Let m = n + 8. Let h = 49 + m. What is the remainder when h is divided by 9?
6
Suppose -3*v = -5*h + 297, 5*h + 2*v = 2*h + 182. Suppose t = -3*g + 9, 4*g - 34 = -t - 29. Calculate the remainder when h is divided by t.
18
Suppose 3*o - 4*u = -0*o + 11, -4*o + 4*u + 12 = 0. What is the remainder when (107 + (1 - 3))/o is divided by 27?
24
Suppose -4*y + 75 = -121. Suppose 4*u - 1004 = -3*d, -4*d + 1368 = -4*u + 2*u. What is the remainder when d is divided by y?
46
Let m be (-2)/((-81)/(-54)*(-2)/(-21)). Let o = 3 + 7. Let y = o - m. Calculate the remainder when y is divided by 9.
6
Suppose -4*x = 5*z - 10, 3*z - 24 = 3*x + 9. Suppose 10 + 5 = 3*j. Suppose 0 = -j*n + 20, -5*n = d + d - 26. What is the remainder when z is divided by d?
0
Let p(c) = 2*c**2 - 2*c - 2. Let h be p(-2). Suppose 5*k - 16 = k - 2*q, 0 = -k - 2*q + 1. What is the remainder when h + (-2 + 1 - 0) is divided by k?
4
Let t(j) = 2*j**2 - 3*j - 3. Suppose 72 = 2*v + 2*v. What is the remainder when t(6) is divided by v?
15
Let r = 184 + -173. Calculate the remainder when (1/2)/((-4)/(-248)) is divided by r.
9
Suppose -11*g + 7002 + 115 = 0. Calculate the remainder when g is divided by 27.
26
Suppose 4*n - 4*g = 80, 0 = -42*n + 37*n + 4*g + 100. What is the remainder when 416 is divided by n?
16
What is the remainder when 71 is divided by (-336)/(-64)*((-25)/(-3) + -3)?
15
Let k = 397 - 345. What is the remainder when 154 is divided by k?
50
Let u = -159 + 236. What is the remainder when 146 is divided by u?
69
Let n(t) = t + 46. What is the remainder when 78 is divided by n(-6)?
38
Calculate the remainder when 60 is divided by (-21)/((-252)/744)*(-1)/(-2).
29
Let m(q) = -132*q**3 + 3*q**2 - 1. Let d be m(2). Let i = -728 - d. Calculate the remainder when i is divided by 53.
52
Suppose 5189 + 8482 = 49*r. What is the remainder when r is divided by 15?
9
Let a = -915 - -1100. What is the remainder when a is divided by 49?
38
Let r = -45 + 80. Suppose 5*w - 67 - 68 = -5*m, 6 = 2*m. Suppose -u - w = -3*u. What is the remainder when r is divided by u?
11
Let i = 119 - -91. Suppose z + 2*z - i = 0. Calculate the remainder when z is divided by 25.
20
Suppose 3*z - 3*m - 42 = 0, z + 2*m + 0 = -1. Calculate the remainder when 17 is divided by z.
8
Suppose -5 + 30 = -c. Let r = -109 - -168. Let l = c + r. What is the remainder when l is divided by 5?
4
What is the remainder when ((246/10)/3)/(19/855) is divided by 18?
9
Suppose 0 = -2*k - 3*p + 65, 5*k + 7*p = 3*p + 152. Calculate the remainder when 32 is divided by k.
4
Let h = -1213 - -1363. What is the remainder when h is divided by 143?
7
Let t = -452 + 480. Calculate the remainder when 80 is divided by t.
24
Suppose 452 = 3*o - h, 0 = 4*o - h - 0*h - 603. Suppose 17*x + 16*x - 627 = 0. Calculate the remainder when o is divided by x.
18
Suppose b - 254 - 341 = 5*k, -b = 5*k - 585. Suppose 0 = -17*i + 22*i - b. Calculate the remainder when i is divided by 24.
22
Let i(c) = -13*c + 235. Calculate the remainder when i(7) is divided by 29.
28
Suppose m - 3 + 1 = 0. Suppose -3*y = -p - 0*y + 15, 3*p + 4*y = -7. Suppose -w + 14 = p*o + 1, -2*o - w = -8. What is the remainder when o is divided by m?
1
Calculate the remainder when (-346 - -1)/(-1) - -5 is divided by 32.
30
Let h(q) = 9*q**2 + 71*q - 4. What is the remainder when 44 is divided by h(-8)?
0
Let y(f) = f**3 - 15*f**2 + 17*f - 34. Let s be y(14). Suppose i - 29 = s. Let h(o) = 8*o - 3. Calculate the remainder when i is divided by h(2).
11
Let v(o) = -15*o**3 + 3*o. Let y be v(-2). Let d(l) = 2*l**3 + 3*l**2 - 3*l + 3. What is the remainder when d(3) is divided by y/(-4)*(-6)/9?
18
Suppose 16*y = 9*y + 2765. What is the remainder when y is divided by 11?
10
Let r = 38 - 34. What is the remainder when 0 - ((-99)/6 + 15/6) is divided by r?
2
Let y = 133 - -50. Let x be -13 + 83/(-1) + 3 + -1. Let m = y + x. Calculate the remainder when m is divided by 30.
29
Let l = -17 - -29. Suppose -l - 15 = -p. Suppose -9*c + 12*c = p. What is the remainder when c is divided by 2?
1
Let f = 12 - -9. Suppose -u + 19 = -f. Suppose 103 - 19 = 4*j. What is the remainder when u is divided by j?
19
Let r(k) = -k**3 + k + 1. Let z be r(3). Let w = 89 + z. What is the remainder when w is divided by 25?
16
Suppose -2989 = -1618*b + 1611*b. Calculate the remainder when b is divided by 5.
2
Let p(w) = 2*w**2 + 8*w. Let x = 26 + -31. What is the remainder when 68 is divided by p(x)?
8
Suppose 34 = -3*u - 11. Let f = u - -20. Let h(l) = -l**3 + 6*l**2 - l - 1. Calculate the remainder when h(f) is divided by 7.
5
Suppose -5*v - n + 5*n = -560, 6*n = -30. Suppose -2*z + 0*l + 16 = -l, -3*z - 4*l + 46 = 0. What is the remainder when v is divided by z?
8
Let y be ((-6)/(-10))/((-8)/(-80)). Suppose -b + y*b = 25. Suppose -k = b*f - 7, 4*k - 3*f + 8*f = 103. Calculate the remainder when k is divided by 17.
15
Let l(o) = -o + 6. Let b = -7 + -10. Calculate the remainder when 43 is divided by l(b).
20
Suppose -5*v - 6 = t + 8, 2*t = -4*v - 16. What is the remainder when v/(-3) - (-658)/21 is divided by 17?
15
Let u(i) = 129*i - 23. Calculate the remainder when u(1) is divided by 54.
52
Let t = -11 - -13. Calculate the remainder when 32 is divided by 24/10 - t - (-132)/20.
4
Let h = 58 - -33. Let m = h + -74. Calculate the remainder when 62 is divided by m.
11
Let q(l) be the second derivative of 11*l**3/6 + l**2 + 6*l. What is the remainder when q(6) is divided by 14?
12
Let o = 31 + -17. Suppose 3*s + 5 - o = 0. Suppose -s*b + b + 58 = 0. What is the remainder when b is divided by 15?
14
Calculate the remainder when 35 is divided by (-3 + -147)